{"id":205,"date":"2025-11-04T19:10:42","date_gmt":"2025-11-04T18:10:42","guid":{"rendered":"https:\/\/bri.univ-antilles.fr\/newsite\/?page_id=205"},"modified":"2025-12-01T16:42:04","modified_gmt":"2025-12-01T15:42:04","slug":"candidater","status":"publish","type":"page","link":"https:\/\/bri.univ-antilles.fr\/newsite\/index.php\/partir-a-letranger\/candidater\/","title":{"rendered":"Mon projet de mobilit\u00e9"},"content":{"rendered":"\n<figure class=\"wp-block-image size-large\"><img loading=\"lazy\" decoding=\"async\" width=\"1024\" height=\"350\" src=\"https:\/\/bri.univ-antilles.fr\/newsite\/wp-content\/uploads\/2025\/12\/Infographie-mobilite-UA-1024x350.jpg\" alt=\"\" class=\"wp-image-588\" srcset=\"https:\/\/bri.univ-antilles.fr\/newsite\/wp-content\/uploads\/2025\/12\/Infographie-mobilite-UA-1024x350.jpg 1024w, https:\/\/bri.univ-antilles.fr\/newsite\/wp-content\/uploads\/2025\/12\/Infographie-mobilite-UA-300x103.jpg 300w, https:\/\/bri.univ-antilles.fr\/newsite\/wp-content\/uploads\/2025\/12\/Infographie-mobilite-UA-768x262.jpg 768w, https:\/\/bri.univ-antilles.fr\/newsite\/wp-content\/uploads\/2025\/12\/Infographie-mobilite-UA-1536x525.jpg 1536w, https:\/\/bri.univ-antilles.fr\/newsite\/wp-content\/uploads\/2025\/12\/Infographie-mobilite-UA-2048x700.jpg 2048w\" sizes=\"auto, (max-width: 1024px) 100vw, 1024px\" \/><\/figure>\n\n\n\n<p>Un d\u00e9part en mobilit\u00e9 d&rsquo;\u00e9tudes fait partie d&rsquo;un projet plus large qui s&rsquo;anticipe et se pr\u00e9pare l&rsquo;ann\u00e9e universitaire pr\u00e9c\u00e9dant le d\u00e9part. <\/p>\n\n\n\n<h2 class=\"wp-block-heading has-vivid-cyan-blue-color has-text-color has-link-color wp-elements-06e200ad942e9b71bb3de74b4932cdd9\">Les \u00e9tapes cl\u00e9s d&rsquo;un projet de mobilit\u00e9<\/h2>\n\n\n\n<details class=\"wp-block-details is-layout-flow wp-block-details-is-layout-flow\"><summary><strong>Etape 1 &#8211; Septembre\/Novembre : Se renseigner <\/strong><\/summary>\n<p>Une mobilit\u00e9 se pr\u00e9pare une ann\u00e9e \u00e0 l&rsquo;avance !<\/p>\n\n\n\n<ul class=\"wp-block-list\">\n<li>Participez aux r\u00e9unions d&rsquo;information organis\u00e9es par la DRI dans les facult\u00e9s et composantes<\/li>\n\n\n\n<li>Suivez les mini-ateliers mobilit\u00e9 en ligne<\/li>\n\n\n\n<li>Consultez la liste des universit\u00e9s partenaires et contactez la DRI ainsi que le d\u00e9l\u00e9gu\u00e9 aux relations internationales de votre facult\u00e9 ou de votre composante afin de d\u00e9finir votre projet p\u00e9dagogique et professionnel.<\/li>\n<\/ul>\n<\/details>\n\n\n\n<p><\/p>\n\n\n\n<details class=\"wp-block-details is-layout-flow wp-block-details-is-layout-flow\"><summary><strong>Etape 2 &#8211; Novembre\/D\u00e9cembre : Affiner son projet<\/strong><\/summary>\n<ul class=\"wp-block-list\">\n<li>Approfondissez vos recherches sur les destinations souhait\u00e9es en estimant le co\u00fbt de la vie, du logement, du visa, des trajets et des moyens de transport sur place, ainsi qu\u2019en vous informant sur le contexte socio-culturel g\u00e9n\u00e9ral du lieu de destination.<\/li>\n\n\n\n<li>\u00c9tablissez un budget pr\u00e9visionnel d\u00e9taill\u00e9 et assurez-vous que le co\u00fbt global de votre projet de mobilit\u00e9 ne vous mettra pas en difficult\u00e9.<\/li>\n\n\n\n<li>Un entretien avec le d\u00e9l\u00e9gu\u00e9 aux RI de votre composante sera organis\u00e9 avant la commission pour clarifier votre projet de mobilit\u00e9 et mieux vous accompagner.<\/li>\n<\/ul>\n<\/details>\n\n\n\n<p><\/p>\n\n\n\n<details class=\"wp-block-details is-layout-flow wp-block-details-is-layout-flow\"><summary><strong>Etape 3 &#8211; Novembre\/Janvier : Candidater<\/strong><\/summary>\n<ul class=\"wp-block-list\">\n<li>Lors du d\u00e9but de la campagne de mobilit\u00e9, vous vous rendez sur la plateforme MoveOn pour vous cr\u00e9er un compte, remplissez l&rsquo;ensemble des champs requis, t\u00e9l\u00e9versez tous les documents requis et choisissez votre programme et votre destination.<\/li>\n\n\n\n<li>Seuls les dossiers complets et soumis avant la date limite passeront \u00e0 l&rsquo;\u00e9tape suivante de s\u00e9lection.<\/li>\n\n\n\n<li class=\"has-luminous-vivid-orange-color has-text-color has-link-color wp-elements-076fe94d0feb10be4c6616b3a1c449b8\"><em><strong>Attention<\/strong>&nbsp;:<\/em> La demande de financement doit \u00eatre effectu\u00e9e selon une proc\u00e9dure distincte, en m\u00eame temps que la candidature et \u00e9galement sur la plateforme MoveOn.<\/li>\n<\/ul>\n<\/details>\n\n\n\n<p><\/p>\n\n\n\n<details class=\"wp-block-details is-layout-flow wp-block-details-is-layout-flow\"><summary><strong>Etape 4 &#8211; F\u00e9vrier\/Mars : S\u00e9lections<\/strong><\/summary>\n<ul class=\"wp-block-list\">\n<li>La commission p\u00e9dagogique se r\u00e9unit pour d\u00e9signer les \u00e9tudiants \u00e9ligibles \u00e0 une mobilit\u00e9.<\/li>\n\n\n\n<li>Les dossiers sont \u00e9tudi\u00e9s au cas par cas selon trois crit\u00e8res principaux : les notes, le niveau de langue et le projet de mobilit\u00e9 internationale expliqu\u00e9 dans la lettre de motivation.<\/li>\n<\/ul>\n<\/details>\n\n\n\n<p><\/p>\n\n\n\n<details class=\"wp-block-details is-layout-flow wp-block-details-is-layout-flow\"><summary><strong>Etape 5 &#8211; Mars : R\u00e9sultats<\/strong><\/summary>\n<ul class=\"wp-block-list\">\n<li>\u00c0 l&rsquo;issue de la commission, vous recevrez un mail de l&rsquo;UA vous notifiant les r\u00e9sultats, avec la confirmation ou non de votre s\u00e9lection.<\/li>\n\n\n\n<li class=\"has-vivid-red-color has-text-color has-link-color wp-elements-ccef48e267e06757ad5dcd76ab931a40\"><strong><em>Attention<\/em><\/strong> : c&rsquo;est l&rsquo;universit\u00e9 partenaire qui valide d\u00e9finitivement votre candidature par l&rsquo;envoi d&rsquo;une lettre d&rsquo;acceptation.<\/li>\n<\/ul>\n<\/details>\n\n\n\n<p><\/p>\n\n\n\n<details class=\"wp-block-details is-layout-flow wp-block-details-is-layout-flow\"><summary><strong>Etape 6 &#8211; Avril : Pr\u00e9parer son d\u00e9part<\/strong><\/summary>\n<p>Prenez de l&rsquo;avance et soyez assidu !<\/p>\n\n\n\n<h4 class=\"wp-block-heading has-vivid-cyan-blue-color has-text-color has-link-color wp-elements-76aea224409f6e79961fc73f4f1dfa7b\">Pr\u00e9paratifs administratifs<\/h4>\n\n\n\n<ul class=\"wp-block-list\">\n<li>Obtenez votre passeport et votre visa, si n\u00e9cessaire.<\/li>\n\n\n\n<li>Souscrivez une assurance sant\u00e9 internationale avec une clause de rapatriement pour vous prot\u00e9ger pendant votre s\u00e9jour.<\/li>\n<\/ul>\n\n\n\n<h4 class=\"wp-block-heading has-vivid-cyan-blue-color has-text-color has-link-color wp-elements-04d96426a7d6ef6c15c19b429421dd07\">Pr\u00e9paration acad\u00e9mique<\/h4>\n\n\n\n<ul class=\"wp-block-list\">\n<li>Finalisez votre contrat d&rsquo;\u00e9tudes avec votre \u00e9tablissement d&rsquo;accueil. <\/li>\n\n\n\n<li>Assurez-vous de comprendre les attentes et exigences de votre programme.<\/li>\n\n\n\n<li>Continuez \u00e0 am\u00e9liorer votre niveau de langue <\/li>\n<\/ul>\n\n\n\n<h4 class=\"wp-block-heading has-vivid-cyan-blue-color has-text-color has-link-color wp-elements-f03d1adbd41da52537a0800306fc29e3\">Logistique<\/h4>\n\n\n\n<ul class=\"wp-block-list\">\n<li>Trouvez un logement confortable et pratique (n&rsquo;h\u00e9sitez pas \u00e0 demander conseil \u00e0 votre universit\u00e9 d&rsquo;accueil)<\/li>\n\n\n\n<li>Planifiez vos moyens de transport sur place et r\u00e9servez vos billets d&rsquo;avion \u00e0 l&rsquo;avance <strong>(privil\u00e9giez les options modifiables et\/ou remboursables pour parer \u00e0 toute \u00e9ventualit\u00e9)<\/strong>.<\/li>\n<\/ul>\n<\/details>\n\n\n\n<p><\/p>\n\n\n\n<p>Des \u00e9changes administratifs s&rsquo;instaureront par mail entre vous, la DRI et votre universit\u00e9 d&rsquo;accueil.<br>Vous devrez probablement compl\u00e9ter d&rsquo;autres formulaires et fournir des documents suppl\u00e9mentaires \u00e0 la demande de l&rsquo;universit\u00e9 d&rsquo;accueil.<br>Soyez attentif aux mails que vous recevrez et respectez les dates butoirs.<br>L&rsquo;\u00e9quipe de la DRI est \u00e0 votre disposition et vous accompagne dans vos d\u00e9marches.<\/p>\n\n\n\n<h2 class=\"wp-block-heading has-vivid-cyan-blue-color has-text-color has-link-color wp-elements-7cdad1a9b0e85ac475f04d19d20ee63e\">Pendant et apr\u00e8s la mobilit\u00e9<\/h2>\n\n\n\n<ul class=\"wp-block-list\">\n<li><em>Pendant votre s\u00e9jour<\/em> : restez en contact r\u00e9gulier avec la DRI de l&rsquo;UA et n&rsquo;h\u00e9sitez pas \u00e0 demander rapidement conseil si vous rencontrez des difficult\u00e9s.<\/li>\n\n\n\n<li><em>Apr\u00e8s votre retour<\/em> : obtenez la validation des cr\u00e9dits acquis et partagez votre exp\u00e9rience avec d&rsquo;autres \u00e9tudiants pour les inspirer.<\/li>\n<\/ul>\n\n\n\n<p><\/p>\n","protected":false},"excerpt":{"rendered":"<p>Un d\u00e9part en mobilit\u00e9 d&rsquo;\u00e9tudes fait partie d&rsquo;un projet plus large qui s&rsquo;anticipe et se pr\u00e9pare l&rsquo;ann\u00e9e universitaire pr\u00e9c\u00e9dant le d\u00e9part. Les \u00e9tapes cl\u00e9s d&rsquo;un projet de mobilit\u00e9 Des \u00e9changes administratifs s&rsquo;instaureront par mail entre vous, la DRI et votre universit\u00e9 d&rsquo;accueil.Vous devrez probablement compl\u00e9ter d&rsquo;autres formulaires et fournir des documents suppl\u00e9mentaires \u00e0 la demande [&hellip;]<\/p>\n","protected":false},"author":2,"featured_media":0,"parent":191,"menu_order":0,"comment_status":"closed","ping_status":"closed","template":"","meta":{"footnotes":""},"class_list":["post-205","page","type-page","status-publish","hentry"],"_links":{"self":[{"href":"https:\/\/bri.univ-antilles.fr\/newsite\/index.php\/wp-json\/wp\/v2\/pages\/205","targetHints":{"allow":["GET"]}}],"collection":[{"href":"https:\/\/bri.univ-antilles.fr\/newsite\/index.php\/wp-json\/wp\/v2\/pages"}],"about":[{"href":"https:\/\/bri.univ-antilles.fr\/newsite\/index.php\/wp-json\/wp\/v2\/types\/page"}],"author":[{"embeddable":true,"href":"https:\/\/bri.univ-antilles.fr\/newsite\/index.php\/wp-json\/wp\/v2\/users\/2"}],"replies":[{"embeddable":true,"href":"https:\/\/bri.univ-antilles.fr\/newsite\/index.php\/wp-json\/wp\/v2\/comments?post=205"}],"version-history":[{"count":6,"href":"https:\/\/bri.univ-antilles.fr\/newsite\/index.php\/wp-json\/wp\/v2\/pages\/205\/revisions"}],"predecessor-version":[{"id":590,"href":"https:\/\/bri.univ-antilles.fr\/newsite\/index.php\/wp-json\/wp\/v2\/pages\/205\/revisions\/590"}],"up":[{"embeddable":true,"href":"https:\/\/bri.univ-antilles.fr\/newsite\/index.php\/wp-json\/wp\/v2\/pages\/191"}],"wp:attachment":[{"href":"https:\/\/bri.univ-antilles.fr\/newsite\/index.php\/wp-json\/wp\/v2\/media?parent=205"}],"curies":[{"name":"wp","href":"https:\/\/api.w.org\/{rel}","templated":true}]}}